l - 20*l + 528360 = 98*l. What is the hundreds digit of l?
4
Let v(n) = -47*n + 34. Let s be v(-4). What is the tens digit of 2*s/4 - 8?
0
Suppose -114 = 4*k + 18. Let z = k + 166. Let w = z - 70. What is the tens digit of w?
6
Let x = -52743 - -78968. What is the tens digit of x?
2
Let l(p) = -266*p**3 - 2*p**2 - 46*p - 105. What is the hundreds digit of l(-3)?
1
Let q(c) be the second derivative of 11*c**4 - c**3/2 - 147*c. What is the tens digit of q(-2)?
3
Suppose -46004 = -19*b + 14*b - u, -46012 = -5*b - 3*u. What is the thousands digit of b?
9
Let t = 31994 + -19574. What is the hundreds digit of t?
4
Suppose 3*z + c - 18033 = 0, -39*z = -40*z + 5*c + 5995. What is the thousands digit of z?
6
Let p be (-8)/6*(-6)/8. What is the tens digit of (p/1)/(21/9030)?
3
Let m be (-6)/15 - 468/30. Let x be 3/(-2)*m/6. Suppose x*y - 128 = -4*b, -4*b - y + 120 = -5*y. What is the units digit of b?
1
Suppose 17*b - 99*b = 249*b - 7190313. What is the ten thousands digit of b?
2
Let d(k) = k**2 + 4*k - 16. Let a(g) = 1 + 6*g + 9 - 6*g + 8*g + 2*g**2. Let w be a(-4). What is the hundreds digit of d(w)?
1
What is the units digit of 1264/(-112) - -11 - 82072/(-14)?
2
Suppose -5*g - 3*h + 12 = -2*h, -g - h = 0. Let c be 12*((-4)/(-8))/(g/2). Suppose 3*z - t - 715 = 0, -1236 + 56 = -5*z + c*t. What is the units digit of z?
0
Suppose -80*k + 4971512 = 944072. What is the units digit of k?
3
Suppose -7*w = 2 - 37. Let n(q) = 263*q + 139. What is the thousands digit of n(w)?
1
Let h = -117 - -120. Suppose h*i - 2*i = 466. Let x = 705 - i. What is the hundreds digit of x?
2
Let t(q) = 206*q - 20. Let a be t(2). Let f = -94 + a. What is the hundreds digit of f?
2
Let y(g) = 17708*g**2 - 289*g + 291. What is the hundreds digit of y(1)?
7
Let w be (-14 + 11)/(1/(-1)). Suppose 5*z - 2*z = -4*t - w, 4*z - 6 = -2*t. Let p(k) = -k**3 + 2*k**2 + 3*k + 6. What is the units digit of p(z)?
6
Let o(t) be the third derivative of -5*t**4/8 - 17*t**3/6 + 20*t**2. Let y be o(-16). Suppose y = 5*h + i, -5*h + 3*i = -2*i - 205. What is the tens digit of h?
4
Let t be 96/(-9) - (-3)/(-9)*-2. Let b(x) = x**3 + 11*x**2 + 11*x + 16. Let a be b(t). What is the tens digit of a/24 + (-222)/(-8)?
2
What is the thousands digit of (405786/(-88))/((-129)/344) + (-12)/22?
2
Suppose -5*o = -448 - 842. Suppose -o*p = -259*p + 131. What is the units digit of p?
1
Let o = 2002 + -1522. What is the units digit of o?
0
What is the tens digit of -3*20/(-12) + (-2 - (-7067 - -2))?
6
Let o(k) = 9*k + 4*k**2 - 32 - 6*k**2 - k**2. Let n be o(-10). What is the tens digit of n/(-4) - 1/(-2)?
0
Suppose 114604 = 4*c - 3*k + 6*k, -28641 = -c - 2*k. What is the thousands digit of c?
8
Let a(p) = -239*p**3 + 11*p**2 + 27*p + 1. What is the thousands digit of a(-4)?
5
Suppose -3*i + 105341 = 4*g, 0 = 178*g - 174*g + 2*i - 105334. What is the hundreds digit of g?
3
Let d(w) = -2*w**3 + 8*w**2 + 9*w - 8. Let u(b) = -425*b**2 + 425*b**2 + b**3. Let h(p) = d(p) + u(p). What is the tens digit of h(7)?
0
Suppose 22*s - 18*s - 4*o = 36180, 2*s - o = 18090. What is the tens digit of s?
4
Suppose -7*r = -11237 + 2522. Let t = r - 531. What is the units digit of t?
4
Suppose -4*x + 3*d + 21046 = 0, -4*x - d = -3*x - 5251. What is the hundreds digit of x?
2
Suppose -3*s = m - 1423, 4*s + 7077 = 10*m - 5*m. What is the hundreds digit of m?
4
Suppose 2*m = -3*q + 178, -m = -0*m - 2. Let z = q + -56. Suppose 2*h = x + 18, z*h - 3*x - 10 = -0*h. What is the units digit of h?
1
Let b = 16018 - -11954. What is the tens digit of b?
7
Suppose 0 = 3*l + l - 28. Let b(d) = -2*d**2 + 15*d - 8. Let j be b(l). What is the units digit of (9*1)/(j/(-18)*2)?
1
Suppose 5*y + 576 - 141 = 5*x, -y - 423 = -5*x. Let h be (x/(-70))/((-2)/(-20)). What is the tens digit of 42 + (h/(-2) - 2)?
4
Let v be ((-2)/(-6) + 18/27)*5. Suppose v*x - 1165 + 310 = 0. What is the units digit of x?
1
Suppose -12*z + 1203280 = 248*z. What is the units digit of z?
8
Suppose 364*m = 366*m + 5*y - 30798, 2*m + 2*y - 30816 = 0. What is the units digit of m?
4
Let i = -14 - 1. Let g(j) = j**2 + 15*j + 2. Let a be g(i). Suppose 0 = a*k - 43 - 35. What is the tens digit of k?
3
Suppose -13*l + 169470 = 29*l. Suppose -17*g - l = -32*g. What is the hundreds digit of g?
2
Suppose 5*a = 2*t - 29, 4*a + 16 = -3*t + 4*t. What is the units digit of (-35271)/(-36) + -7 + 3/t?
3
Let g(r) = 34*r + 77. Let n = 578 - 561. What is the hundreds digit of g(n)?
6
Let q(s) = 5*s + 10. Let x be q(6). Suppose -5*d - 10 = -4*z, -4*d + 2*d - 6 = -2*z. What is the hundreds digit of (-16)/x - ((-1354)/10 + d)?
1
Suppose 0 = h + 4*o - 25472, h - o = 29866 - 4414. Suppose -h = -19*q + 1296. What is the tens digit of q?
0
Let i(s) = -4593*s + 3488. What is the ten thousands digit of i(-5)?
2
Let d(z) = 45*z + 957. What is the thousands digit of d(14)?
1
What is the hundreds digit of (9 + (-783)/(-2))/(-5 - 3669/(-732))?
5
Let r = -4291 + 5635. What is the thousands digit of r?
1
Let j(o) be the first derivative of o**2 - 4*o + 18. Let p be j(11). What is the units digit of (45/(-10))/((-1)/p*1)?
1
Suppose -3*k + 26 = 20. Let q be (0/4 - 3) + -2 + 105. Suppose 10 = k*o - q. What is the units digit of o?
5
Let t be (-12)/(-2) - (369 + -3). Let i = 669 + t. What is the hundreds digit of i?
3
Let d = -237 + 747. Let s = d + -303. What is the hundreds digit of s?
2
Let n be 114/(-27)*6*6/(-4). Suppose -22*m + n*m = 2384. What is the tens digit of m?
4
Let k(y) = -y**2 - 1. Let z(c) = 4*c**2 - 4*c - 2. Let v(p) = -4*k(p) + z(p). Let t be v(1). Suppose -1170 = -t*l - 4*l. What is the hundreds digit of l?
1
Let o(t) = 4190*t**3 + 14*t**2 - 15*t - 8. What is the hundreds digit of o(2)?
5
Let d(j) = j**2 - 11*j + 17. Let g be d(9). Let x be (3 + g)/(1*3/6). Suppose -x*t - 8*h + 3*h + 709 = 0, -2*t + 349 = -3*h. What is the units digit of t?
6
Let l be 3*14/6*240/35. Suppose -4*u + 3*z = 249, z = -u - 3*z - l. What is the units digit of (u/18)/(2/(-30))?
0
Let h(a) = a - 11. Let b be h(14). Suppose -3*q + z = -19, 0 = q + 2*q + b*z - 3. Suppose q*k - 108 = 457. What is the hundreds digit of k?
1
Let n = -17513 - -53989. What is the tens digit of n?
7
Let m be -1 - 678/(-3) - 1*4. Let s = -205 + m. What is the units digit of s?
6
Suppose -255*x + 2408 = f - 258*x, -2*f + 4*x = -4810. What is the tens digit of f?
9
Suppose 4*o - 1259 = 601. What is the tens digit of (4 + 0 + -1)*7750/o?
5
Let j(k) be the third derivative of -k**6/5 + k**5/10 + k**4/24 - 11*k**3/6 - 133*k**2. What is the hundreds digit of j(-3)?
6
Let i(h) be the third derivative of 16*h**5/15 + h**4/8 + 5*h**3/2 + h**2 + 127. What is the hundreds digit of i(-4)?
0
Let i(v) = v**3 - 3*v**2 + 5*v + 5. Let h be i(-4). Let w(s) = s**3 - 7*s**2 - 37*s + 32. Let f be w(7). Let d = h - f. What is the units digit of d?
0
Let h be (-7)/42 - (4 + (-150)/36). Suppose -4*f + 4*s = -6520, -s + 6530 = -h*f + 4*f. What is the hundreds digit of f?
6
Let l(m) = 12660*m**3 + 2*m**2 - 5*m + 4. What is the hundreds digit of l(1)?
6
Let t(s) = -2*s**3 + 21*s**2 - 8*s - 20. Let k be t(10). Suppose 3*j + m - 726 - 369 = 0, k = 2*m. What is the units digit of j?
5
Suppose 0 = -2*x + 268 - 260. Suppose 3*m = g - 65, -x*g + 8*g = -3*m + 305. What is the units digit of g?
4
Let h = 37658 + 4067. What is the units digit of h?
5
What is the tens digit of (-14972)/(-16) + 36/144?
3
Let i = 51 - 52. Let y(m) = 12*m**2 + 2*m + 2. Let v be y(i). Let a = v + 44. What is the tens digit of a?
5
Let c(f) = -2*f + 26. Let h be c(12). Let x be 2*-1*h/(-1). Suppose 0 = -2*q - 4, -j + x*j - 113 = q. What is the tens digit of j?
3
Let m(a) = -a**3 - 8*a**2 - 8*a - 5. Let b be m(-7). Suppose -d - 296 = -9*d. Suppose 121 - d = b*l. What is the units digit of l?
2
Let j = 9468 + -4693. What is the hundreds digit of j?
7
Suppose 3*q - 24 = 5*q. Let a(d) = -2*d - 24. Let z be a(q). Suppose z = -k - 32 + 104. What is the units digit of k?
2
Let s(a) be the third derivative of 49/24*a**4 - 41/6*a**3 + 0*a + 0 - 5*a**2. What is the units digit of s(5)?
4
Let x = 4 - -60. Let d be ((-4)/(x/(-2220)))/((-3)/(-8)). Let i = -214 + d. What is the units digit of i?
6
Suppose -5*a = -8*g + 3*g - 15, -a - 2*g = 0. Suppose 620 = y + r, -a*r = -4*y + 2*r + 2440. What is the hundreds digit of